2
What is the hundreds digit of 24044?
0
What is the thousands digit of 3529?
3
What is the hundreds digit of 620?
6
What is the tens digit of 55495?
9
What is the tens digit of 1468?
6
What is the tens digit of 41811?
1
What is the thousands digit of 1221?
1
What is the tens digit of 268?
6
What is the hundreds digit of 1879?
8
What is the hundreds digit of 17380?
3
What is the hundreds digit of 3122?
1
What is the hundreds digit of 23472?
4
What is the hundreds digit of 446?
4
What is the hundreds digit of 7446?
4
What is the thousands digit of 3632?
3
What is the tens digit of 12112?
1
What is the units digit of 14944?
4
What is the hundreds digit of 11257?
2
What is the hundreds digit of 940?
9
What is the tens digit of 30970?
7
What is the hundreds digit of 7145?
1
What is the thousands digit of 23551?
3
What is the hundreds digit of 1354?
3
What is the units digit of 43434?
4
What is the units digit of 4432?
2
What is the hundreds digit of 576?
5
What is the thousands digit of 7431?
7
What is the units digit of 39630?
0
What is the units digit of 320?
0
What is the hundreds digit of 2126?
1
What is the thousands digit of 2342?
2
What is the units digit of 20894?
4
What is the tens digit of 3226?
2
What is the thousands digit of 28110?
8
What is the tens digit of 116?
1
What is the units digit of 60998?
8
What is the hundreds digit of 6502?
5
What is the hundreds digit of 1667?
6
What is the thousands digit of 1413?
1
What is the thousands digit of 2160?
2
What is the thousands digit of 32976?
2
What is the hundreds digit of 42883?
8
What is the tens digit of 73849?
4
What is the hundreds digit of 402?
4
What is the units digit of 1961?
1
What is the thousands digit of 2715?
2
What is the units digit of 17677?
7
What is the thousands digit of 2304?
2
What is the thousands digit of 15116?
5
What is the tens digit of 2273?
7
What is the thousands digit of 3058?
3
What is the hundreds digit of 924?
9
What is the units digit of 52?
2
What is the thousands digit of 11989?
1
What is the ten thousands digit of 61392?
6
What is the ten thousands digit of 50704?
5
What is the hundreds digit of 51116?
1
What is the ten thousands digit of 15062?
1
What is the hundreds digit of 42425?
4
What is the hundreds digit of 1010?
0
What is the ten thousands digit of 11614?
1
What is the tens digit of 101630?
3
What is the thousands digit of 26299?
6
What is the tens digit of 2858?
5
What is the thousands digit of 27833?
7
What is the ten thousands digit of 84423?
8
What is the tens digit of 8990?
9
What is the hundreds digit of 14818?
8
What is the tens digit of 23749?
4
What is the tens digit of 1054?
5
What is the hundreds digit of 20727?
7
What is the tens digit of 20805?
0
What is the hundreds digit of 8899?
8
What is the units digit of 6750?
0
What is the tens digit of 3998?
9
What is the tens digit of 3587?
8
What is the tens digit of 902?
0
What is the thousands digit of 3575?
3
What is the hundreds digit of 2948?
9
What is the tens digit of 3361?
6
What is the units digit of 2313?
3
What is the units digit of 990?
0
What is the tens digit of 152?
5
What is the thousands digit of 3842?
3
What is the thousands digit of 29089?
9
What is the ten thousands digit of 78093?
7
What is the tens digit of 7641?
4
What is the hundreds digit of 100?
1
What is the units digit of 40327?
7
What is the hundreds digit of 88749?
7
What is the thousands digit of 13033?
3
What is the units digit of 31915?
5
What is the tens digit of 13785?
8
What is the tens digit of 42673?
7
What is the units digit of 8639?
9
What is the units digit of 19923?
3
What is the thousands digit of 113001?
3
What is the hundreds digit of 158?
1
What is the units digit of 270?
0
What is the hundreds digit of 22630?
6
What is the hundreds digit of 3845?
8
What is the tens digit of 6276?
7
What is the units digit of 1401?
1
What is the ten thousands digit of 62507?
6
What is the units digit of 103771?
1
What is the units digit of 996?
6
What is the hundreds digit of 324?
3
What is the hundreds digit of 777?
7
What is the hundreds digit of 3732?
7
What is the tens digit of 1317?
1
What is the tens digit of 798?
9
What is the hundreds digit of 3785?
7
What is the thousands digit of 2080?
2
What is the units digit of 8169?
9
What is the thousands digit of 33765?
3
What is the tens digit of 56282?
8
What is the hundreds digit of 1177?
1
What is the tens digit of 18176?
7
What is the tens digit of 2288?
8
What is the units digit of 728?
8
What is the hundreds digit of 912?
9
What is the units digit of 26491?
1
What is the units digit of 715?
5
What is the units digit of 70387?
7
What is the units digit of 2757?
7
What is the ten thousands digit of 17100?
1
What is the thousands digit of 107089?
7
What is the hundreds digit of 2117?
1
What is the tens digit of 2256?
5
What is the units digit of 2418?
8
What is the hundreds digit of 2143?
1
What is the units digit of 35930?
0
What is the thousands digit of 3680?
3
What is the tens digit of 1702?
0
What is the tens digit of 330?
3
What is the thousands digit of 30106?
0
What is the tens digit of 1479?
7
What is the hundreds digit of 6089?
0
What is the hundreds digit of 4010?
0
What is the tens digit of 19669?
6
What is the ten thousands digit of 16485?
1
What is the units digit of 2561?
1
What is the ten thousands digit of 120056?
2
What is the hundreds digit of 2766?
7
What is the thousands digit of 167194?
7
What is the thousands digit of 3455?
3
What is the hundreds digit of 25660?
6
What is the thousands digit of 8486?
8
What is the ten thousands digit of 94879?
9
What is the units digit of 541?
1
What is the tens digit of 32295?
9
What is the tens digit of 11391?
9
What is the tens digit of 92146?
4
What is the units digit of 2417?
7
What is the units digit of 407?
7
What is the thousands digit of 1611?
1
What is the hundreds digit of 4877?
8
What is the tens digit of 2198?
9
What is the thousands digit of 11068?
1
What is the hundreds digit of 2946?
9
What is the tens digit of 9404?
0
What is the ten thousands digit of 33151?
3
What is the units digit of 459?
9
What is the units digit of 5217?
7
What is the hundreds digit of 804?
8
What is the units digit of 30529?
9
What is the units digit of 2495?
5
What is the units digit of 683?
3
What is the tens digit of 4307?
0
What is the hundreds digit of 3486?
4
What is the thousands digit of 17703?
7
What is the ten thousands digit of 14356?
1
What is the hundreds digit of 1299?
2
What is the units digit of 973?
3
What is the thousands digit of 7644?
7
What is the tens digit of 1094?
9
What is the tens digit of 1478?
7
What is the tens digit of 9227?
2
What is the tens digit of 4951?
5
What is the units digit of 3631?
1
What is the thousands digit of 2340?
2
What is the hundreds digit of 535?
5
What is the ten thousands digit of 23568?
2
What is the tens digit of 1562?
6
What is the tens digit of 17653?
5
What is the units digit of 892?
2
What is the units digit of 42?
2
What is the thousands digit of 1110?
1
What is the hundreds digit of 107641?
6
What is the thousands digit of 24567?
4
What is the hundreds digit of 1229?
2
What is the tens digit of 644?
4
What is the units digit of 767?
7
What is the hundreds digit of 103413?
4
What is the thousands digit of 13196?
3
What is the units digit of 803?
3
What is the thousands digit of 3107?
3
What is the tens digit of 353?
5
What is the tens digit of 86181?
8
What is the units digit of 591?
1
What is the thousands digit of 4930?
4
What is the tens digit of 8038?
3
What is the ten thousands digit of 64335?
6
What is the tens digit of 6020?
2
What is the units digit of 3223?
3
What is the ten thousands digit of 31046?
3
What is the hundreds digit of 625?
6
What is the tens digit of 3634?
3
What is the thousands digit of 33835?
3
What is the tens digit of 571?
7
What is the hundreds digit of 1087?
0
What is the units digit of 23208?
8
What is the units digit of 98308?
8
What is the tens digit of 190033?
3
What is the tens digit of 67?
6
What is the units digit of 12178?
8
What is the thousands digit of 12397?
2
What is the units digit of 10136?
6
What is the tens digit of 12937?
3
What is the tens digit of 616?
1
What is the thousands digit of 2155?
2
W